{"id":299,"date":"2018-02-22T11:11:34","date_gmt":"2018-02-22T16:11:34","guid":{"rendered":"https:\/\/se.csbe.qc.ca\/kreolab\/?page_id=299"},"modified":"2018-11-29T12:57:29","modified_gmt":"2018-11-29T17:57:29","slug":"design-industriel","status":"publish","type":"page","link":"https:\/\/se.csbe.qc.ca\/kreolab\/design-industriel\/","title":{"rendered":"Design industriel"},"content":{"rendered":"<div class=\"page-restrict-output\"><p>Voici un document pr\u00e9sentant ce domaine scientifique ainsi que le d\u00e9fi \u00e0 relever.<\/p>\n<p>Pouvez-vous fabriquer le cadran et les aiguilles d&rsquo;une horloge<\/p>\n<p><a href=\"https:\/\/se.csbe.qc.ca\/kreolab\/files\/2018\/11\/SA\u00c9-design-industriel-HORLOGE-1.docx\">SA\u00c9 design industriel HORLOGE<\/a><\/p>\n<!-- WP Attachments -->\r\n        <div style=\"width:100%;margin:10px 0 10px 0;\">\r\n            <h3>Pi\u00e8ces jointes<\/h3>\r\n        <ul class=\"post-attachments\"><li class=\"post-attachment mime-application-vnd-openxmlformats-officedocument-wordprocessingml-document\"><a href=\"https:\/\/se.csbe.qc.ca\/kreolab\/files\/2018\/11\/SA\u00c9-design-industriel-HORLOGE-1.docx\">SA\u00c9 design industriel HORLOGE<\/a> <small>(57 kB)<\/small><\/li><\/ul><\/div><\/div>","protected":false},"excerpt":{"rendered":"<div class=\"page-restrict-output\"><p>Voici un document pr\u00e9sentant ce domaine scientifique ainsi que le d\u00e9fi \u00e0 relever. Pouvez-vous fabriquer le cadran et les aiguilles d&rsquo;une horloge SA\u00c9 design industriel HORLOGE Pi\u00e8ces jointes SA\u00c9 design industriel HORLOGE (57 kB)<\/p>\n<\/div>","protected":false},"author":3,"featured_media":0,"parent":0,"menu_order":0,"comment_status":"closed","ping_status":"closed","template":"","meta":{"footnotes":""},"coauthors":[9],"class_list":["post-299","page","type-page","status-publish","czr-hentry"],"_links":{"self":[{"href":"https:\/\/se.csbe.qc.ca\/kreolab\/wp-json\/wp\/v2\/pages\/299","targetHints":{"allow":["GET"]}}],"collection":[{"href":"https:\/\/se.csbe.qc.ca\/kreolab\/wp-json\/wp\/v2\/pages"}],"about":[{"href":"https:\/\/se.csbe.qc.ca\/kreolab\/wp-json\/wp\/v2\/types\/page"}],"author":[{"embeddable":true,"href":"https:\/\/se.csbe.qc.ca\/kreolab\/wp-json\/wp\/v2\/users\/3"}],"replies":[{"embeddable":true,"href":"https:\/\/se.csbe.qc.ca\/kreolab\/wp-json\/wp\/v2\/comments?post=299"}],"version-history":[{"count":4,"href":"https:\/\/se.csbe.qc.ca\/kreolab\/wp-json\/wp\/v2\/pages\/299\/revisions"}],"predecessor-version":[{"id":617,"href":"https:\/\/se.csbe.qc.ca\/kreolab\/wp-json\/wp\/v2\/pages\/299\/revisions\/617"}],"wp:attachment":[{"href":"https:\/\/se.csbe.qc.ca\/kreolab\/wp-json\/wp\/v2\/media?parent=299"}],"wp:term":[{"taxonomy":"author","embeddable":true,"href":"https:\/\/se.csbe.qc.ca\/kreolab\/wp-json\/wp\/v2\/coauthors?post=299"}],"curies":[{"name":"wp","href":"https:\/\/api.w.org\/{rel}","templated":true}]}}