{"id":112,"date":"2014-04-02T09:26:55","date_gmt":"2014-04-02T13:26:55","guid":{"rendered":"https:\/\/se.csbe.qc.ca\/melanie\/?page_id=112"},"modified":"2014-04-04T14:35:36","modified_gmt":"2014-04-04T18:35:36","slug":"premiere-secondaire","status":"publish","type":"page","link":"https:\/\/se.csbe.qc.ca\/francais\/premiere-secondaire\/","title":{"rendered":"Premi\u00e8re secondaire"},"content":{"rendered":"<div class=\"page-restrict-output\"><p>Vous trouverez sur cette page les documents prot\u00e9g\u00e9s (MELS et CSBE) relatifs \u00e0 la premi\u00e8re secondaire.<\/p>\n<p><a href=\"https:\/\/se.csbe.qc.ca\/melanie\/files\/2014\/04\/132-108-Document-dinformation.CSBE_.mai2014.pdf\">132-108 Document d&rsquo;information.CSBE.mai2014<\/a><\/p>\n<p>&nbsp;<\/p>\n<p>&nbsp;<\/p>\n<p>&nbsp;<\/p>\n<!-- WP Attachments -->\r\n        <div style=\"width:100%;margin:10px 0 10px 0;\">\r\n            <h3>Documents joints<\/h3>\r\n        <ul class=\"post-attachments\"><li class=\"post-attachment mime-application-pdf\"><a href=\"https:\/\/se.csbe.qc.ca\/francais\/files\/2014\/04\/132-108-Document-dinformation.CSBE_.mai2014.pdf\">132-108 Document d'information.CSBE.mai2014<\/a> <small>(2 MB)<\/small><\/li><\/ul><\/div><\/div>","protected":false},"excerpt":{"rendered":"<div class=\"page-restrict-output\"><p>Vous trouverez sur cette page les documents prot\u00e9g\u00e9s (MELS et CSBE) relatifs \u00e0 la premi\u00e8re secondaire. 132-108 Document d&rsquo;information.CSBE.mai2014 &nbsp; &nbsp; &nbsp; Documents joints 132-108 Document d&rsquo;information.CSBE.mai2014 (2 MB)<\/p>\n<\/div>","protected":false},"author":209,"featured_media":0,"parent":0,"menu_order":0,"comment_status":"open","ping_status":"open","template":"","meta":{"footnotes":""},"class_list":["post-112","page","type-page","status-publish","hentry","nodate","item-wrap"],"_links":{"self":[{"href":"https:\/\/se.csbe.qc.ca\/francais\/wp-json\/wp\/v2\/pages\/112","targetHints":{"allow":["GET"]}}],"collection":[{"href":"https:\/\/se.csbe.qc.ca\/francais\/wp-json\/wp\/v2\/pages"}],"about":[{"href":"https:\/\/se.csbe.qc.ca\/francais\/wp-json\/wp\/v2\/types\/page"}],"author":[{"embeddable":true,"href":"https:\/\/se.csbe.qc.ca\/francais\/wp-json\/wp\/v2\/users\/209"}],"replies":[{"embeddable":true,"href":"https:\/\/se.csbe.qc.ca\/francais\/wp-json\/wp\/v2\/comments?post=112"}],"version-history":[{"count":4,"href":"https:\/\/se.csbe.qc.ca\/francais\/wp-json\/wp\/v2\/pages\/112\/revisions"}],"predecessor-version":[{"id":118,"href":"https:\/\/se.csbe.qc.ca\/francais\/wp-json\/wp\/v2\/pages\/112\/revisions\/118"}],"wp:attachment":[{"href":"https:\/\/se.csbe.qc.ca\/francais\/wp-json\/wp\/v2\/media?parent=112"}],"curies":[{"name":"wp","href":"https:\/\/api.w.org\/{rel}","templated":true}]}}