{"id":6,"date":"2017-02-27T15:46:07","date_gmt":"2017-02-27T14:46:07","guid":{"rendered":"https:\/\/se.csbe.qc.ca\/educationsexualite\/?page_id=6"},"modified":"2017-12-01T19:29:54","modified_gmt":"2017-12-01T18:29:54","slug":"planification-des-contenus","status":"publish","type":"page","link":"https:\/\/se.csbe.qc.ca\/educationsexualite\/planification-des-contenus\/","title":{"rendered":"Planification des contenus"},"content":{"rendered":"<div class=\"page-restrict-output\"><p>Documents :<\/p>\n<p><a href=\"https:\/\/se.csbe.qc.ca\/educationsexualite\/files\/2017\/12\/AIDE-M\u00c9MOIRE_Planification_Ed_sex-1.docx\">AIDE-M\u00c9MOIRE | Planification \u00e9ducation \u00e0 la sexualit\u00e9<\/a><\/p>\n<p>&nbsp;<\/p>\n<p>&nbsp;<\/p>\n<p>&nbsp;<\/p>\n<!-- WP Attachments -->\r\n        <div style=\"width:100%;margin:10px 0 10px 0;\">\r\n            <h3>Attachments<\/h3>\r\n        <ul class=\"post-attachments\"><li class=\"post-attachment mime-application-vnd-openxmlformats-officedocument-wordprocessingml-document\"><a href=\"https:\/\/se.csbe.qc.ca\/educationsexualite\/files\/2017\/12\/AIDE-M\u00c9MOIRE_Planification_Ed_sex-1.docx\">AIDE-M\u00c9MOIRE_Planification_Ed_sex<\/a> <small>(29 kB)<\/small><\/li><\/ul><\/div><\/div>","protected":false},"excerpt":{"rendered":"<div class=\"page-restrict-output\"><p>Documents : AIDE-M\u00c9MOIRE | Planification \u00e9ducation \u00e0 la sexualit\u00e9 &nbsp; &nbsp; &nbsp; Attachments AIDE-M\u00c9MOIRE_Planification_Ed_sex (29 kB)<\/p>\n<\/div>","protected":false},"author":3,"featured_media":0,"parent":0,"menu_order":0,"comment_status":"closed","ping_status":"closed","template":"","meta":{"footnotes":""},"class_list":["post-6","page","type-page","status-publish","hentry"],"_links":{"self":[{"href":"https:\/\/se.csbe.qc.ca\/educationsexualite\/wp-json\/wp\/v2\/pages\/6","targetHints":{"allow":["GET"]}}],"collection":[{"href":"https:\/\/se.csbe.qc.ca\/educationsexualite\/wp-json\/wp\/v2\/pages"}],"about":[{"href":"https:\/\/se.csbe.qc.ca\/educationsexualite\/wp-json\/wp\/v2\/types\/page"}],"author":[{"embeddable":true,"href":"https:\/\/se.csbe.qc.ca\/educationsexualite\/wp-json\/wp\/v2\/users\/3"}],"replies":[{"embeddable":true,"href":"https:\/\/se.csbe.qc.ca\/educationsexualite\/wp-json\/wp\/v2\/comments?post=6"}],"version-history":[{"count":5,"href":"https:\/\/se.csbe.qc.ca\/educationsexualite\/wp-json\/wp\/v2\/pages\/6\/revisions"}],"predecessor-version":[{"id":367,"href":"https:\/\/se.csbe.qc.ca\/educationsexualite\/wp-json\/wp\/v2\/pages\/6\/revisions\/367"}],"wp:attachment":[{"href":"https:\/\/se.csbe.qc.ca\/educationsexualite\/wp-json\/wp\/v2\/media?parent=6"}],"curies":[{"name":"wp","href":"https:\/\/api.w.org\/{rel}","templated":true}]}}