{"id":25,"date":"2017-02-27T16:11:21","date_gmt":"2017-02-27T15:11:21","guid":{"rendered":"https:\/\/se.csbe.qc.ca\/educationsexualite\/?page_id=25"},"modified":"2018-02-21T22:09:53","modified_gmt":"2018-02-21T21:09:53","slug":"croissance-sexuelle-humaine-et-image-corporelle-5e-annee","status":"publish","type":"page","link":"https:\/\/se.csbe.qc.ca\/educationsexualite\/croissance-sexuelle-humaine-et-image-corporelle-5e-annee\/","title":{"rendered":"Croissance sexuelle humaine et image corporelle &#8211; 5e ann\u00e9e"},"content":{"rendered":"<div class=\"page-restrict-output\"><p><a href=\"https:\/\/se.csbe.qc.ca\/educationsexualite\/files\/2017\/12\/Mauve-5e-ann\u00e9e-FINAL.pdf\">MAUVE Canevas p\u00e9dagogique MEES 5e ann\u00e9e<\/a><\/p>\n<p>Documents:<\/p>\n<a href=\"https:\/\/se.csbe.qc.ca\/educationsexualite\/files\/2018\/02\/MAUVE_5e_annee_deroulement_final.pdf\" class=\"pdfemb-viewer\" style=\"\" data-width=\"max\" data-height=\"max\" data-toolbar=\"bottom\" data-toolbar-fixed=\"off\">MAUVE_5e_annee_deroulement_final<\/a>\n<p><a href=\"https:\/\/se.csbe.qc.ca\/educationsexualite\/files\/2017\/02\/MAUVE_5e_annee_Annexe_conclusion_questionnaire.docx\">MAUVE 5e ann\u00e9e | Annexe &#8211; Conclusion questionnaire<\/a><\/p>\n<p><a href=\"https:\/\/se.csbe.qc.ca\/educationsexualite\/files\/2017\/02\/MAUVE_5e_annee_Annexe_doc_eleve_developpement.pdf\">MAUVE 5e ann\u00e9e | Annexe &#8211; Document \u00e9l\u00e8ve d\u00e9veloppement<\/a><\/p>\n<p><a href=\"https:\/\/se.csbe.qc.ca\/educationsexualite\/files\/2017\/02\/MAUVE_5e_annee_Annexe_guide_puberte_parent_eleves.pdf\">MAUVE 5e ann\u00e9e | Annexe &#8211; Guide pubert\u00e9 parent\/\u00e9l\u00e8ves<\/a><\/p>\n<p><a href=\"https:\/\/se.csbe.qc.ca\/educationsexualite\/files\/2017\/02\/MAUVE_5e_annee_Annexe_Mosaik_Bulletin9.pdf\">MAUVE 5e ann\u00e9e | Annexe &#8211; Mosaik Bulletin<\/a><\/p>\n<p><a href=\"https:\/\/se.csbe.qc.ca\/educationsexualite\/files\/2017\/02\/MAUVE_5e_annee_Annexe_Puberte_un_monde_de_changements.pdf\">MAUVE 5e ann\u00e9e | Annexe &#8211; Pubert\u00e9, un monde de changements<\/a><\/p>\n<p><a href=\"https:\/\/se.csbe.qc.ca\/educationsexualite\/files\/2017\/11\/MAUVE_5e_annee_Notebook.zip\">MAUVE 5e ann\u00e9e | Notebook<\/a><\/p>\n<!-- WP Attachments -->\r\n        <div style=\"width:100%;margin:10px 0 10px 0;\">\r\n            <h3>Attachments<\/h3>\r\n        <ul class=\"post-attachments\"><li class=\"post-attachment mime-application-pdf\"><a href=\"https:\/\/se.csbe.qc.ca\/educationsexualite\/files\/2017\/02\/Mauve-5e-ann\u00e9e-FINAL.pdf\">Mauve 5e ann\u00e9e FINAL<\/a> <small>(573 kB)<\/small><\/li><li class=\"post-attachment mime-application-vnd-openxmlformats-officedocument-wordprocessingml-document\"><a href=\"https:\/\/se.csbe.qc.ca\/educationsexualite\/files\/2017\/02\/MAUVE_5e_annee_Annexe_conclusion_questionnaire.docx\">MAUVE_5e_annee_Annexe_conclusion_questionnaire<\/a> <small>(16 kB)<\/small><\/li><li class=\"post-attachment mime-application-pdf\"><a href=\"https:\/\/se.csbe.qc.ca\/educationsexualite\/files\/2017\/02\/MAUVE_5e_annee_Annexe_doc_eleve_developpement.pdf\">MAUVE_5e_annee_Annexe_doc_eleve_developpement<\/a> <small>(6 MB)<\/small><\/li><li class=\"post-attachment mime-application-pdf\"><a href=\"https:\/\/se.csbe.qc.ca\/educationsexualite\/files\/2017\/02\/MAUVE_5e_annee_Annexe_guide_puberte_parent_eleves.pdf\">MAUVE_5e_annee_Annexe_guide_puberte_parent_eleves<\/a> <small>(27 MB)<\/small><\/li><li class=\"post-attachment mime-application-pdf\"><a href=\"https:\/\/se.csbe.qc.ca\/educationsexualite\/files\/2017\/02\/MAUVE_5e_annee_Annexe_Mosaik_Bulletin9.pdf\">MAUVE_5e_annee_Annexe_Mosaik_Bulletin9<\/a> <small>(679 kB)<\/small><\/li><li class=\"post-attachment mime-application-pdf\"><a href=\"https:\/\/se.csbe.qc.ca\/educationsexualite\/files\/2017\/02\/MAUVE_5e_annee_Annexe_Puberte_un_monde_de_changements.pdf\">MAUVE_5e_annee_Annexe_Puberte_un_monde_de_changements<\/a> <small>(30 MB)<\/small><\/li><li class=\"post-attachment mime-application-zip\"><a href=\"https:\/\/se.csbe.qc.ca\/educationsexualite\/files\/2017\/11\/MAUVE_5e_annee_Notebook.zip\">MAUVE_5e_annee_Notebook<\/a> <small>(3 MB)<\/small><\/li><li class=\"post-attachment mime-application-pdf\"><a href=\"https:\/\/se.csbe.qc.ca\/educationsexualite\/files\/2018\/02\/MAUVE_5e_annee_deroulement_final.pdf\">MAUVE_5e_annee_deroulement_final<\/a> <small>(489 kB)<\/small><\/li><\/ul><\/div><\/div>","protected":false},"excerpt":{"rendered":"<div class=\"page-restrict-output\"><p>MAUVE Canevas p\u00e9dagogique MEES 5e ann\u00e9e Documents: MAUVE 5e ann\u00e9e | Annexe &#8211; Conclusion questionnaire MAUVE 5e ann\u00e9e | Annexe &#8211; Document \u00e9l\u00e8ve d\u00e9veloppement MAUVE 5e ann\u00e9e | Annexe &#8211; Guide pubert\u00e9 parent\/\u00e9l\u00e8ves MAUVE 5e ann\u00e9e | Annexe &#8211; Mosaik &hellip; <a href=\"https:\/\/se.csbe.qc.ca\/educationsexualite\/croissance-sexuelle-humaine-et-image-corporelle-5e-annee\/\">Continuer la lecture <span class=\"meta-nav\">&rarr;<\/span><\/a><\/p>\n<\/div>","protected":false},"author":3,"featured_media":0,"parent":0,"menu_order":0,"comment_status":"closed","ping_status":"closed","template":"","meta":{"footnotes":""},"class_list":["post-25","page","type-page","status-publish","hentry"],"_links":{"self":[{"href":"https:\/\/se.csbe.qc.ca\/educationsexualite\/wp-json\/wp\/v2\/pages\/25","targetHints":{"allow":["GET"]}}],"collection":[{"href":"https:\/\/se.csbe.qc.ca\/educationsexualite\/wp-json\/wp\/v2\/pages"}],"about":[{"href":"https:\/\/se.csbe.qc.ca\/educationsexualite\/wp-json\/wp\/v2\/types\/page"}],"author":[{"embeddable":true,"href":"https:\/\/se.csbe.qc.ca\/educationsexualite\/wp-json\/wp\/v2\/users\/3"}],"replies":[{"embeddable":true,"href":"https:\/\/se.csbe.qc.ca\/educationsexualite\/wp-json\/wp\/v2\/comments?post=25"}],"version-history":[{"count":8,"href":"https:\/\/se.csbe.qc.ca\/educationsexualite\/wp-json\/wp\/v2\/pages\/25\/revisions"}],"predecessor-version":[{"id":422,"href":"https:\/\/se.csbe.qc.ca\/educationsexualite\/wp-json\/wp\/v2\/pages\/25\/revisions\/422"}],"wp:attachment":[{"href":"https:\/\/se.csbe.qc.ca\/educationsexualite\/wp-json\/wp\/v2\/media?parent=25"}],"curies":[{"name":"wp","href":"https:\/\/api.w.org\/{rel}","templated":true}]}}