{"id":174,"date":"2017-02-27T17:15:51","date_gmt":"2017-02-27T16:15:51","guid":{"rendered":"https:\/\/se.csbe.qc.ca\/educationsexualite\/?page_id=174"},"modified":"2017-02-27T17:24:39","modified_gmt":"2017-02-27T16:24:39","slug":"1re-annee","status":"publish","type":"page","link":"https:\/\/se.csbe.qc.ca\/educationsexualite\/1re-annee\/","title":{"rendered":"1re ann\u00e9e"},"content":{"rendered":"<div class=\"page-restrict-output\"><p><a href=\"https:\/\/se.csbe.qc.ca\/educationsexualite\/globalite-de-la-sexualite-1re-annee\/\">Identit\u00e9, r\u00f4les, st\u00e9r\u00e9otypes sexuels et normes sociales &#8211; 1re ann\u00e9e<\/a><\/p>\n<p>&nbsp;<\/p>\n<p>Pr\u00e9vention agression\/violence sexuelle &#8211; 1re ann\u00e9e<\/p>\n<p>&nbsp;<\/p>\n<p>Globalit\u00e9 de la sexualit\u00e9 &#8211; 1re ann\u00e9e<\/p>\n<\/div>","protected":false},"excerpt":{"rendered":"<div class=\"page-restrict-output\"><p>Identit\u00e9, r\u00f4les, st\u00e9r\u00e9otypes sexuels et normes sociales &#8211; 1re ann\u00e9e &nbsp; Pr\u00e9vention agression\/violence sexuelle &#8211; 1re ann\u00e9e &nbsp; Globalit\u00e9 de la sexualit\u00e9 &#8211; 1re ann\u00e9e<\/p>\n<\/div>","protected":false},"author":844,"featured_media":0,"parent":0,"menu_order":0,"comment_status":"closed","ping_status":"closed","template":"","meta":{"footnotes":""},"class_list":["post-174","page","type-page","status-publish","hentry"],"_links":{"self":[{"href":"https:\/\/se.csbe.qc.ca\/educationsexualite\/wp-json\/wp\/v2\/pages\/174","targetHints":{"allow":["GET"]}}],"collection":[{"href":"https:\/\/se.csbe.qc.ca\/educationsexualite\/wp-json\/wp\/v2\/pages"}],"about":[{"href":"https:\/\/se.csbe.qc.ca\/educationsexualite\/wp-json\/wp\/v2\/types\/page"}],"author":[{"embeddable":true,"href":"https:\/\/se.csbe.qc.ca\/educationsexualite\/wp-json\/wp\/v2\/users\/844"}],"replies":[{"embeddable":true,"href":"https:\/\/se.csbe.qc.ca\/educationsexualite\/wp-json\/wp\/v2\/comments?post=174"}],"version-history":[{"count":2,"href":"https:\/\/se.csbe.qc.ca\/educationsexualite\/wp-json\/wp\/v2\/pages\/174\/revisions"}],"predecessor-version":[{"id":186,"href":"https:\/\/se.csbe.qc.ca\/educationsexualite\/wp-json\/wp\/v2\/pages\/174\/revisions\/186"}],"wp:attachment":[{"href":"https:\/\/se.csbe.qc.ca\/educationsexualite\/wp-json\/wp\/v2\/media?parent=174"}],"curies":[{"name":"wp","href":"https:\/\/api.w.org\/{rel}","templated":true}]}}